75/35 is divided by 35?
13
Calculate the remainder when 100 is divided by ((-100)/(-1100))/(1/33).
1
Suppose 265*j = 67*j + 1386. Calculate the remainder when (-131)/(-7) - 2/(-7) is divided by j.
5
Let h(p) = 95*p**3 + p. Let r be h(1). Calculate the remainder when r/3 - 4/(-2) is divided by (0 - 19)/(15/((-75)/5)).
15
Suppose 12*u = 7*u - 30. Let p = u - -13. Calculate the remainder when 13 is divided by p.
6
Let t(n) = n**3 + 2*n**2 - 3*n + 1394. Calculate the remainder when t(0) is divided by 93.
92
Suppose 26*n - 31*n = -390. Calculate the remainder when n is divided by 21.
15
Let f be -1*(6 - 357) - 0/4. Suppose -5*q - 996 = -q. Let r = q + f. Calculate the remainder when r is divided by 13.
11
Let b be (-2 + 1)/((-1)/2). Suppose i - 58 = -b. Calculate the remainder when 19 is divided by 6/(-16) + 637/i.
8
Suppose -71 = -115*o + 114*o. What is the remainder when o is divided by 11?
5
Suppose w = -3*w - 2*o - 56, -5*w + o = 77. Calculate the remainder when 28 is divided by (w/2)/(6/(-8)).
8
Calculate the remainder when 109 is divided by (-24)/(-48)*(12*14)/4.
4
Let w = 13 + -10. Suppose -q - 6 = w*o, -q + 2*q = 2*o + 19. What is the remainder when (-38)/(-95) - 336/(-10) is divided by q?
7
Suppose 4540 - 1069 = 39*b. Calculate the remainder when 99 is divided by b.
10
Suppose -727 = 27*i - 1861. Calculate the remainder when 77 is divided by i.
35
Let t = 49 - 73. Let c = t + 56. Let f = 5 + 6. What is the remainder when c is divided by f?
10
Suppose 186 = -12*j + 10*j. What is the remainder when 2 + j*3/(-9) is divided by 7?
5
Suppose -33*d + 182 = -19*d. What is the remainder when d is divided by 4?
1
Suppose -496 - 181 = -3*f + 2*u, 4*u - 1121 = -5*f. Calculate the remainder when f is divided by 4.
1
Let u = 674 + -59. What is the remainder when u is divided by 14?
13
Calculate the remainder when 4/34 - 15093/(-459) is divided by 7.
5
Let b(j) = 2*j + 13. Suppose 0 = -t + 3*t. Let r be b(t). Let p = r + -10. What is the remainder when 8 is divided by p?
2
Suppose 96*m - 1016 = 88*m. Calculate the remainder when m is divided by 22.
17
Let s(u) = 2*u**2 + 29*u + 25. Let f be s(-20). Let p = -170 + f. Suppose 2*h + 68 = 3*g, -4*g + h + 54 + 45 = 0. What is the remainder when p is divided by g?
23
Let l be (-4968)/99 + 2/11. Calculate the remainder when 138 is divided by (-2 - l) + -2 - (-1 + 0).
44
Suppose 0 = -4*l - l + 85. Let i = 15 - l. Calculate the remainder when 4 is divided by i*(-3)/(-6)*-1.
0
Calculate the remainder when 100 is divided by (4/5)/(60/2550).
32
Let p(b) = -7*b. Let q(r) = r**3 - 9*r**2 - 7*r + 9. Calculate the remainder when q(10) is divided by p(-3).
18
Suppose 6*g - g = 0. Suppose s - 16 = -g*s. Suppose 0 = 26*l - 14*l - 540. Calculate the remainder when l is divided by s.
13
Let y = -80 + 97. Let g(r) = -r + 1. Let a(n) = -5*n**3 - n**2 + n. Let b be a(1). What is the remainder when y is divided by g(b)?
5
Suppose 4*s + 3*y - 272 = 2*y, 5*y - 256 = -4*s. What is the remainder when 202 is divided by s?
64
Let v = -14 + 16. Suppose -v*p = -p - 3. Suppose h - 5*h + 102 = p*d, -2*d - 4*h = -68. What is the remainder when d is divided by 9?
7
Let b = 9 + -14. Calculate the remainder when (-791)/(-35) - 2/b is divided by (-1204)/(-196) + 2/(-14).
5
Calculate the remainder when 343 is divided by 124/(-310) + (-694)/(-10).
67
What is the remainder when 79 is divided by ((-289)/85)/((-2)/10)?
11
Let a(c) = 26*c**2 + c. Suppose -12*v - 70 = -17*v. Calculate the remainder when a(1) is divided by v.
13
Suppose -4*v - v = -4*t - 54, -4*t = -2*v + 24. Suppose -z + 3*h = -1, 3*h = -4*z + h - v. What is the remainder when z + 5 - (-22)/1 is divided by 9?
7
Suppose 1 = -3*f + s + 188, 340 = 5*f + 4*s. Calculate the remainder when f is divided by 23.
18
Let b be 65/13 + (1 - 3). Suppose -7*w + b*w = -80. Calculate the remainder when w is divided by 6.
2
Let q be (39 + 16)*(-4)/(-10). Let i = 8 + q. Calculate the remainder when 118 is divided by i.
28
Let r = 54 + -24. Suppose -3*n = -2*y + 2 + 2, -4*n = 8. What is the remainder when r is divided by (7 - -10) + 1*y?
14
Suppose 6*i - 48 = 2*i. Let l = -10 + i. Suppose -l*v + 3*o + 7 = 0, -3*v - 5*o + 2 + 18 = 0. What is the remainder when v is divided by 4?
1
Suppose 91*a - 99*a + 1544 = 0. What is the remainder when a is divided by 51?
40
Suppose -3*r - 2718 = -g, -12*g - 8172 = -15*g + 3*r. What is the remainder when g is divided by 105?
102
Let x(z) = z**2 - z + 1. Let t = 9 - 10. Let o(s) = -5*s**2 + 18*s + 6. Let a(b) = t*o(b) - 6*x(b). Calculate the remainder when 58 is divided by a(-8).
18
Suppose 10*k = 17*k - 28. What is the remainder when 12 is divided by k?
0
Suppose 9*g - 6 = 6*g. Suppose f + 1 = g*f. Let k(z) = 7*z**2 + z. What is the remainder when 13 is divided by k(f)?
5
Suppose -14*s + 21*s - 98 = 0. What is the remainder when 69 is divided by s?
13
Let k = 139 - -52. Calculate the remainder when k is divided by 48.
47
Let v = 836 - 824. What is the remainder when 22 is divided by v?
10
Let l(o) = -o**3 - 7*o**2 + 10*o + 19. Suppose 0*z - 3 = z. Let t = z - -13. What is the remainder when t is divided by l(-8)?
1
Let f be (198/(-12)*-5)/((-2)/(-12)). Suppose 3*a + 2*a = f. Calculate the remainder when a is divided by 34.
31
What is the remainder when (110 - 0)/(84/(-36) + 3) is divided by 57?
51
Suppose -5*f - 4*a = -7*a - 82, -a - 67 = -4*f. Suppose -5 = -2*b - 1. Suppose 54 = b*z - 42. Calculate the remainder when z is divided by f.
14
What is the remainder when (9 + -10)/(1/(-79)) is divided by 45?
34
Let p = 84 + -48. What is the remainder when 42 is divided by ((-6)/p)/(2/(-6))*44?
20
Let w(a) = a**2 + 6*a - 8. Let o be w(-8). Suppose -o = l - 4. Let f(h) = -h**3 - 4*h**2 - h + 1. What is the remainder when 7 is divided by f(l)?
2
Let k(w) = 6*w**2 + 2*w - 1. Let n be (-16)/6*24/(-32). Suppose 2*s - n*c = 4, -2*c = -4*s + c + 4. What is the remainder when 74 is divided by k(s)?
17
Let m = -16 - -54. Calculate the remainder when 151 is divided by m.
37
Suppose 4*h + 16 = -16. Calculate the remainder when 77 is divided by (-209)/h + (-1)/8.
25
Let w = 10 + -7. Suppose 4*r - 3 = -5*l, 3*l - w - 3 = -3*r. What is the remainder when 5 + ((-420)/50)/((-8)/20) is divided by r?
5
Suppose 0 = -314*c + 307*c + 105. Calculate the remainder when 236 is divided by c.
11
What is the remainder when (3*2)/((-32)/(-240)) + 6 is divided by 9?
6
Suppose 0 = 9*l - 6730 + 6442. Let t = -268 - -393. Calculate the remainder when t is divided by l.
29
Suppose -74*k + 78*k = 60. What is the remainder when 70 is divided by k?
10
Suppose -2*q + 163 = -3*s, -2*q - 3*q - 4*s + 350 = 0. Suppose -4*h = t - 11, -50*h = 5*t - 55*h - 80. What is the remainder when q is divided by t?
14
Suppose -2 = 7*w - 51. What is the remainder when 89 is divided by w?
5
Let h(w) be the first derivative of -9*w**4/4 - w**3/3 + w - 5. Let y be h(-1). What is the remainder when 52 is divided by (81/12)/(y/24)?
16
Let x = 2554 - 2550. Suppose 0 = -2*l - 0*z + 3*z - 27, -4*z - 84 = 4*l. Let g = -13 - l. What is the remainder when g is divided by x?
1
Let p = 152 + -53. Let s = p - 64. Calculate the remainder when s is divided by 18.
17
Let s(y) = -y**2 - 13*y + 4. Calculate the remainder when s(-7) is divided by -8*(2/(-20) - 1015/350).
22
Suppose -55*r - 768 = -71*r. Calculate the remainder when 140 is divided by r.
44
Calculate the remainder when 53 is divided by 368/26 - 112/728.
11
Let m be 34/8 - 5 - 3/(-4). Suppose m = -2*u - 4*c + 86, -u + 2*c = u - 56. What is the remainder when u is divided by 19?
14
Suppose -3*v + 3*y = -333, -v + 4*y + 117 = -0*y. Calculate the remainder when v is divided by 8.
5
Let n = -9 + -3. Let m(t) = -3*t - 2. What is the remainder when (-114)/(-8) + (-9)/n is divided by m(-2)?
3
Let t(v) = -4*v**2 - 11*v + 5. Let g be t(-3). Suppose -d - 129 = -3*s + g*d, 175 = 4*s - 3*d. What is the remainder when s is divided by 12?
10
Let k(f) = -f**2 - 9*f + 2. Let c be k(-9). Let v = 15 - c. Suppose 6*w - 403 = -103. What is the remainder when w is divided by v?
11
Suppose -5*q + 3*g + 334 = 0, q + q = -3*g + 142. Suppose -18*y + 13*y + 60 = 0. Suppose -8*x - 92 = -y*x. What is the remainder when q is divided by x?
22
Let q be (-18 + 12)/(6/(-4)). Let o(s) = 20*s - 4. Suppose -109 = -